 a factor of 576?
True
Does 24 divide 432?
True
Does 6 divide 1757?
False
Is 20097 a multiple of 16?
False
Is 313 a factor of 20170?
False
Is 24 a factor of 1632?
True
Does 7 divide 91?
True
Is 2296 a multiple of 41?
True
Is 8 a factor of 4698?
False
Does 8 divide 13062?
False
Is 5577 a multiple of 51?
False
Does 8 divide 352?
True
Is 8 a factor of 3304?
True
Is 4017 a multiple of 48?
False
Is 1476 a multiple of 34?
False
Is 32318 a multiple of 286?
True
Is 53012 a multiple of 12?
False
Does 56 divide 168?
True
Is 121 a factor of 4265?
False
Is 2535 a multiple of 65?
True
Is 28 a factor of 1091?
False
Is 556 a multiple of 77?
False
Does 11 divide 5100?
False
Is 677 a multiple of 7?
False
Does 8 divide 3690?
False
Is 709 a multiple of 17?
False
Is 34 a factor of 907?
False
Is 3320 a multiple of 40?
True
Is 89 a factor of 43502?
False
Is 4350 a multiple of 19?
False
Does 35 divide 1439?
False
Is 9 a factor of 5581?
False
Does 2 divide 288?
True
Does 82 divide 37474?
True
Is 293 a multiple of 16?
False
Is 5057 a multiple of 52?
False
Is 83233 a multiple of 54?
False
Is 8610 a multiple of 21?
True
Is 9340 a multiple of 38?
False
Does 43 divide 2368?
False
Is 2622 a multiple of 19?
True
Is 19769 a multiple of 47?
False
Is 57057 a multiple of 231?
True
Is 750 a multiple of 71?
False
Is 13 a factor of 131?
False
Is 1812 a multiple of 56?
False
Does 4 divide 92?
True
Is 412 even?
True
Does 80 divide 37600?
True
Does 22 divide 4175?
False
Is 53 a factor of 2136?
False
Is 575 even?
False
Is 1935 a multiple of 15?
True
Is 739 a multiple of 12?
False
Is 240 a multiple of 80?
True
Is 8 a factor of 2168?
True
Does 3 divide 358?
False
Is 7 a factor of 250?
False
Is 9 a factor of 182?
False
Is 39543 a multiple of 147?
True
Is 15096 a multiple of 111?
True
Is 827 a multiple of 56?
False
Is 49 a factor of 2310?
False
Is 166 a factor of 4371?
False
Is 18 a factor of 57445?
False
Is 3479 a multiple of 48?
False
Does 16 divide 1664?
True
Is 20 a factor of 75720?
True
Is 49 a factor of 1192?
False
Does 193 divide 66971?
True
Does 27 divide 4206?
False
Is 3 a factor of 314?
False
Does 27 divide 1016?
False
Is 34 a factor of 170?
True
Is 45 a factor of 19442?
False
Is 14552 a multiple of 47?
False
Is 4780 a multiple of 18?
False
Is 40880 a multiple of 70?
True
Does 101 divide 3030?
True
Is 7 a factor of 3913?
True
Is 3990 a multiple of 21?
True
Does 11 divide 81?
False
Is 20425 a multiple of 95?
True
Does 6 divide 15?
False
Is 17016 a multiple of 6?
True
Is 18228 a multiple of 115?
False
Does 82 divide 574?
True
Does 99 divide 6110?
False
Does 11 divide 14993?
True
Is 32 a factor of 6830?
False
Is 26 a factor of 1118?
True
Does 24 divide 600?
True
Is 112 a factor of 22931?
False
Is 56 a factor of 3441?
False
Is 11940 a multiple of 142?
False
Is 4 a factor of 190?
False
Does 10 divide 15540?
True
Is 71 a multiple of 27?
False
Does 11 divide 1859?
True
Is 2 a factor of 213?
False
Is 178 a multiple of 11?
False
Does 7 divide 32356?
False
Is 18 a factor of 16362?
True
Is 7 a factor of 14684?
False
Is 816 a multiple of 10?
False
Does 307 divide 5833?
True
Does 21 divide 903?
True
Is 91 a factor of 98?
False
Is 22861 a multiple of 207?
False
Is 34 a factor of 3790?
False
Is 69 even?
False
Is 7209 a multiple of 21?
False
Does 15 divide 4922?
False
Is 25 a factor of 884?
False
Does 17 divide 595?
True
Does 18 divide 1224?
True
Is 104419 a multiple of 13?
False
Is 7 a factor of 574?
True
Does 20 divide 28788?
False
Is 5 a factor of 1132?
False
Is 20 a factor of 11020?
True
Is 22 a factor of 1588?
False
Does 3 divide 1399?
False
Does 70 divide 72?
False
Is 3 a factor of 318?
True
Does 23 divide 920?
True
Is 263 a multiple of 20?
False
Is 270 a factor of 45900?
True
Is 5 a factor of 4990?
True
Is 4 a factor of 2853?
False
Does 94 divide 833?
False
Is 2715 a multiple of 82?
False
Is 23 a factor of 4028?
False
Does 123 divide 3565?
False
Is 464 a multiple of 43?
False
Is 1886 a multiple of 41?
True
Does 229 divide 103279?
True
Is 360 a multiple of 45?
True
Is 191 a multiple of 191?
True
Is 7 a factor of 180?
False
Is 26 a multiple of 3?
False
Is 19 a factor of 14516?
True
Does 7 divide 64978?
False
Is 296 a multiple of 31?
False
Is 91 a factor of 3161?
False
Is 14 a factor of 182?
True
Does 4 divide 99?
False
Does 9 divide 98?
False
Is 6300 a multiple of 30?
True
Is 73 a factor of 7081?
True
Is 49780 a multiple of 20?
True
Does 10 divide 68884?
False
Does 21 divide 168?
True
Does 59 divide 1711?
True
Is 1167 a multiple of 11?
False
Is 250 a multiple of 19?
False
Is 180 a factor of 13065?
False
Does 24 divide 3000?
True
Does 20 divide 810?
False
Does 2 divide 828?
True
Does 120 divide 3600?
True
Is 29215 a multiple of 20?
False
Is 9 a factor of 4473?
True
Does 178 divide 25454?
True
Is 28 a factor of 504?
True
Does 6 divide 75?
False
Is 5 a factor of 1435?
True
Is 5 a factor of 1708?
False
Does 11 divide 3843?
False
Is 18 a factor of 2227?
False
Is 701 a multiple of 12?
False
Is 2646 a multiple of 49?
True
Is 4018 a multiple of 57?
False
Is 61 a factor of 3357?
False
Is 24 a multiple of 12?
True
Does 9 divide 942?
False
Does 69 divide 20355?
True
Is 3 a factor of 5526?
True
Is 204 a factor of 25908?
True
Is 151 a factor of 16854?
False
Does 91 divide 3323?
False
Does 11 divide 43?
False
Is 27 a factor of 15228?
True
Does 63 divide 54852?
False
Is 768 a multiple of 12?
True
Is 28 a multiple of 14?
True
Is 67 a factor of 670?
True
Does 44 divide 17232?
False
Does 12 divide 407?
False
Is 27 a factor of 464?
False
Is 28 a factor of 504?
True
Does 27 divide 2646?
True
Is 63 a factor of 231?
False
Does 94 divide 15204?
False
Is 65678 a multiple of 155?
False
Is 11650 a multiple of 2?
True
Does 9 divide 4620?
False
Is 280 even?
True
Is 269 a multiple of 64?
False
Does 25 divide 261?
False
Is 499 a multiple of 6?
False
Is 62 a factor of 7068?
True
Is 6169 a multiple of 98?
False
Does 62 divide 17333?
False
Is 790 a multiple of 20?
False
Does 7 divide 2267?
False
Is 702 a multiple of 78?
True
Is 6253 a multiple of 15?
False
Is 16204 a multiple of 18?
False
Is 46 a factor of 1334?
True
Is 2736 a multiple of 14?
False
Does 24 divide 1464?
True
Does 20 divide 5180?
True
Does 8 divide 1504?
True
Is 8579 a multiple of 73?
False
Is 1524 a multiple of 79?
False
Does 40 divide 1440?
True
Is 118 a multiple of 32?
False
Does 100 divide 89683?
False
Is 53 a factor of 8798?
True
Is 12 a factor of 5207?
False
Is 120 a multiple of 30?
True
Does 61 divide 77087?
False
Is 285 a factor of 38938?
False
Is 80 a factor of 3920?
True
Is 24 a factor of 131199?
False
Does 22 divide 2038?
False
Does 25 divide 3925?
True
Is 5 a factor of 715?
True
Does 52 divide 40868?
False
Does 12 divide 632?
False
Does 38 divide 1576?
False
Is 25 a factor of 1949?
False
Does 54 divide 4266?
True
Does 10 divide 1015?
False
Is 155 a factor of 75897?
False
Is 9 a factor of 450?
True
Is 38 a factor of 41496?
True
Is 36 a factor of 21204?
True
Does 8 divide 2136?
True
Is 6144 a multiple of 21?
False
Is 6 a factor of 28230?
True
Does 22 divide 1100?
True
Does 198 divide 6720?
False
Is 36388 a multiple of 54?
False
Is 1575 a multiple of 105?
True
Is 6 a factor of 11903?
False
Does 42 divide 29001?
False
Is 22573 a multiple of 5?
False
Does 2 divide 1107?
False
Is 1558 a multiple of 41?
True
Is 12 a factor of 1080?
True
Does 14 divide 22190?
True
Does 155 divide 25110?
True
Is 49 a factor of 15394?
False
Is 24 a factor of 1029?
False
Is 46 a factor of 1288?
True
Is 260 a factor of 14712?
False
Is 9 a factor of 756?
True
Is 45 a factor of 5239?
False
Is 97 a factor of 582?
True
Is 3 a factor of 84?
True
Is 19 a factor of 2679?
True
Does 149 divide 22201?
True
Does 11 divide 716?
False
Is 2 a factor of 84?
True
Does 40 divide 15400?
True
Is 240 a factor of 5905?
False
Is 118 a factor of 3068?
True
Is 85 a factor of 7377?
False
Is 74 a factor of 9546?
True
Is 2 a factor of 1356?
True
Is 3360 a multiple of 24?
True
Is 615 a multiple of 15?
True
Is 13 a factor of 3549?
True
Does 5 divide 240?
True
Does 137 divide 48442?
False
Is 370 a multiple of 8?
False
Is 200 a multiple of 25?
True
Is 27512 a multiple of 19?
True
Does 62 divide 5016?
False
Is 73796 a multiple of 16?
False
Does 6 divide 711?
False
Does 48 divide 1622?
False
Is 529 a 